= 27*i + 4. Let s(q) = 4*j(q) - 9*m(q). What are the prime factors of s(-2)?
2, 29
Suppose 0*s - 4*s - 5*a + 266 = 0, -4*s = -3*a - 250. Suppose -h = -k - s, -12 = -5*k - 2. What are the prime factors of (-161)/(-14)*-3*h/(-9)?
11, 23
Let x(c) = -c**3 - 34*c**2 - 31*c + 70. Let p be x(-33). Let v(w) = 23*w + 126. List the prime factors of v(p).
2, 109
Let v = 1190 - 388. Suppose y = 2*p - 399 - 409, -4*y = -2*p + v. List the prime factors of p.
3, 5
Let i(t) = -t + 54. Let u be i(16). Let d = u - 28. List the prime factors of (-15 - -5)*(-6)/d*1.
2, 3
Let l be (-44415)/(-84) + (-2)/(-8). Suppose 533*i - l*i - 816 = 0. List the prime factors of i.
2, 3, 17
Let g = 15 + -22. Let r = g + 54. Suppose -3*u = -0*u - 5*z - r, 2*u - 63 = -3*z. List the prime factors of u.
2, 3
Let m(n) = 1647*n**3 - 3*n**2 + 4*n - 22. List the prime factors of m(3).
2, 2777
Suppose -14*c = -12*c - 2*i - 9784, 12 = 2*i. List the prime factors of c.
2, 31, 79
Suppose 1210 + 10911 = 23*a. Suppose -2*v - 2*g + 246 + 806 = 0, v + 2*g = a. What are the prime factors of v?
3, 5, 7
Suppose -17 = -0*v - v - 3*f, -4*v - 5*f + 33 = 0. Suppose g - 204 = 2*t, -v*t - 14 - 974 = -5*g. List the prime factors of g.
2, 7
Let m(n) = -n**3 - 2*n**2 + 3*n - 6. Let i be m(-5). Suppose 4*h = h + i. Suppose 201 = 5*u + x, 0 = 2*u + 4*x - 48 - h. List the prime factors of u.
41
Let a(n) = -n**3 + n**2 - n - 1. Suppose -6*u + 2 = -4. Let h(w) = 3*w**3 - w**2 + w + 1. Let d(v) = u*a(v) + h(v). List the prime factors of d(3).
2, 3
Let a(o) = -o**2 - 2*o. Let b(f) = f**2 + 24*f - 87. Let l(w) = -6*a(w) - b(w). List the prime factors of l(7).
2, 31
Suppose -10022*c = -10027*c + 223845. List the prime factors of c.
3, 14923
Let o(z) = 212*z**2 - 210*z - 2981. What are the prime factors of o(-14)?
3, 101, 137
Let m be (-2 + 442 + -2)/(24/16). Let z = m - 62. Let j = z - 147. List the prime factors of j.
83
Let v(r) = 330*r - 46. List the prime factors of v(13).
2, 1061
Let n = 78406 + -54999. List the prime factors of n.
89, 263
Let p be (1 - -5) + 2/(1 - 2). Suppose p*u = 6*u + 4. What are the prime factors of (51 - -3)*((-7)/(-2) + u)?
3
List the prime factors of 106056/12 - 8/(3 + -1).
2, 7, 631
Let y be 8/(-16) + 2/4 + 3. Let g(l) = 54 + 50 + y*l**2 - 113 - 5*l. What are the prime factors of g(-7)?
173
Suppose -155*r + 159*r + 304 = 0. Let o = 332 + r. Let l = o - 150. List the prime factors of l.
2, 53
Suppose -3*p - 4452 = -w, -4*w - 2*p + 5*p = -17799. List the prime factors of w.
3, 1483
Let k(a) be the third derivative of a**4/6 + 5*a**3/6 - 9*a**2. Let l be k(-4). What are the prime factors of -10*(-4 + 4 + l)?
2, 5, 11
What are the prime factors of (5832/(-18))/(-18) - -2236?
2, 7, 23
Suppose -71*g + 2213988 = -2414502. List the prime factors of g.
2, 3, 5, 41, 53
Let g = 311 + 462. Let k = g - 505. What are the prime factors of k?
2, 67
Suppose 63638 = -222*n + 269*n. What are the prime factors of n?
2, 677
Let c(i) = 9509*i**2 + 206*i + 207. List the prime factors of c(-1).
2, 3, 5, 317
Let z(y) = -y**3 - 4*y**2 + 8*y - 9. Let w be z(-6). Suppose -w*i + 6456 - 1446 = 0. List the prime factors of i.
2, 167
Suppose 438 = -2*u + 6. Let h = u + 437. List the prime factors of h.
13, 17
Suppose -8*w = 2354 + 3278. Let g = -406 - w. What are the prime factors of g?
2, 149
Suppose -3*n = -3*i - 131964, 4*i = -24 + 44. List the prime factors of n.
29, 37, 41
Suppose -t = a - 1, 5*t - 3*a = 4 + 33. Suppose 1193 = t*s - 1652. List the prime factors of s.
569
Let x = 67012 + -44697. What are the prime factors of x?
5, 4463
Let g be (-8)/((8/(-12))/(2/(-3))). Let p = g - -10. Suppose o + 594 = 5*x, -3*x + 0*o + p*o = -362. What are the prime factors of x?
2, 59
Let l = 96 - 28. Let k = -22 - -21. What are the prime factors of (k - 2) + (l - -1)?
2, 3, 11
Let s(d) = -d**3 + 12*d**2 - 20*d + 2. Let w be s(10). Suppose 0*p + 4*p + 1622 = w*j, -p - 1 = 0. What are the prime factors of j?
809
Let d = 48 + -40. Suppose -4*i = -d, 3*z - 450 = -i + 533. Let b = z - 165. What are the prime factors of b?
2, 3
Suppose -25118 = -5*r - 2*l, 7*l + 7473 = 4*r - 12630. List the prime factors of r.
2, 157
Suppose 0 = 5*o + 4*w - 38, 2*o - 3*o = -w - 4. List the prime factors of (2142 - -6)/o + (-2 - 0).
2, 89
Let v(w) = 2*w + 7 + 23*w**2 - 40*w**2 + 4 + w**3 + 26*w**2. Let f be v(-7). Let g = f - -38. List the prime factors of g.
7, 19
Let q = -66 + 18. Let g = q + 44. What are the prime factors of (1652/(-21))/((-5)/((-30)/g))?
2, 59
Let s = 74293 - 27806. What are the prime factors of s?
7, 29, 229
Suppose -5*r + 5*c - 9*c = -286289, -4*c + 171767 = 3*r. List the prime factors of r.
3, 19087
Let l be (3 + -20)/(-2 - -1). Let y = l + -17. Suppose y = 3*t - 15 - 0. What are the prime factors of t?
5
Let z = 3 + -3. Suppose 6*y - 4*y - 24 = z. Let u = 20 - y. List the prime factors of u.
2
Let x be (2 + 58 + -7)*-3. Let d = 148 - x. List the prime factors of d.
307
Let m(o) = 135*o - 233. What are the prime factors of m(57)?
2, 7, 13, 41
Suppose -4*o + 48 = 4*c, 0 = -c + 8*o - 5*o. What are the prime factors of 10/(((-63)/(-476))/c)?
2, 5, 17
Suppose -25*p = -17*p + 16. List the prime factors of (-3129)/(-9) - 8 - p/6.
2, 5, 17
Suppose -3 + 12 = 3*w, -4*c = -5*w + 23. List the prime factors of (-5 + c + 2)*(-17325)/125.
3, 7, 11
Let r be 8*1/(8/6). Suppose u - r*u - 5 = 0. What are the prime factors of u/(1/(-44)) + 4?
2, 3
Let i = 92 + -90. Suppose -i*u + 837 = 5*n, 207 = 2*u - 3*n - 638. List the prime factors of u.
421
Let d = -47 - -49. Suppose 51 = 3*w - 33. Suppose -w = -h - 2*l + 54, d*h - 160 = -3*l. What are the prime factors of h?
2, 37
Suppose -34*a + 31*a + 4*n + 90005 = 0, a + 17*n = 29910. List the prime factors of a.
5, 7, 857
Let l = 81 + 50. Suppose -l*f + 112 = -129*f. What are the prime factors of f?
2, 7
Let s be 0 + 0 + 3 + -2. Let k be s/3 - 0 - 12/(-18). List the prime factors of 116 - 9 - (k + 0).
2, 53
Suppose 4722 = 16*s - 10*s. List the prime factors of s.
787
Let l(o) = o**3 + 29*o**2 + 54*o + 2. Let i be l(-27). List the prime factors of (3 - -53) + i - -5.
3, 7
Suppose 39*j = 4*m + 40*j + 971, m - 4*j + 230 = 0. Let x = 702 + m. List the prime factors of x.
2, 5, 23
Suppose -16*z - 1182 = -19*z. Suppose -x + z + 43 = 0. List the prime factors of x.
19, 23
Suppose 5*l - 13 = -q + 57, -266 = -3*q - l. Suppose -q = -h + 101. Let j = h - 82. What are the prime factors of j?
109
Suppose 0 = -5*w + 3*q + 49549, 40*w - 44*w - 2*q + 39648 = 0. List the prime factors of w.
11, 17, 53
Suppose 63 = 3*n + 45. Let h(m) = 2*m**3 - 2*m**2 - 7*m - 31. List the prime factors of h(n).
7, 41
Let r(w) = -133*w + 616. List the prime factors of r(2).
2, 5, 7
Let x(q) = -778*q - 2823. List the prime factors of x(-45).
3, 10729
Suppose 2*o - 5*o + 1209 = -3*x, 2021 = 5*o - 3*x. Suppose -4*d - 2*j = 542, -3*j = -3*d - 4*j - o. Let v = d - -281. List the prime factors of v.
2, 73
Let t = 202 - 210. List the prime factors of 10/t - (-25139)/92.
2, 17
Suppose -1517*n = -1664*n + 6354663. What are the prime factors of n?
139, 311
Suppose 538*b - 450*b - 490952 = 0. List the prime factors of b.
7, 797
Suppose -47*b + 78874 + 71103 = 0. What are the prime factors of b?
3191
Suppose 10*o + 163*o = -9*o + 3988712. List the prime factors of o.
2, 5479
What are the prime factors of (-294)/4*(-6174)/189?
7
Suppose -24*f + 2401 = -17*f. Suppose f = -103*v + 104*v. What are the prime factors of v?
7
Let m = 168 + -301. Let y = -28 - m. What are the prime factors of (1 - y)/1*28/(-28)?
2, 13
Let p(h) = -h**3 + 11*h**2 + 17*h + 10. Let r(k) = -6*k**2 - 11 + 2*k**3 + 41*k - 4*k**2 - 58*k. Let i(q) = -3*p(q) - 2*r(q). List the prime factors of i(-12).
2, 13
Suppose -3*z - 2*h + 6*h = -84975, 0 = -3*z + 2*h + 84969. What are the prime factors of z?
127, 223
Let n be (1798/8 + 6)*1*4. Suppose 28*r = 27*r + n. List the prime factors of r.
13, 71
Let i = 168245 + -100079. List the prime factors of i.
2, 3, 7, 541
Suppose 20*i - 58*i = -7600. Let f = i + 994. List the prime factors of f.
2, 3, 199
Suppose -4*c = 5*s - 0*s - 11, 4*c + 1 = -s. Suppose 34 - 100 = -s*z + 3*x, 5*z = -2*x + 96. Suppose 16*u + 152 = z*u. What are the prime factors of u?
2, 19
Let u = -30815 + 53151. What are the prime factors of u?
2, 349
Let g be 21/4